7 composite?
True
Is 54164068249 a composite number?
True
Is 15380909 a composite number?
True
Is 62805184469 composite?
True
Is 624248813 a prime number?
True
Is 2390217542 composite?
True
Is 479880629 a composite number?
False
Is 693887951 a composite number?
True
Is 130698401 prime?
True
Is 251329807 composite?
False
Is 4978420729 a prime number?
False
Is 507810453 prime?
False
Is 13040306579 a composite number?
True
Is 441919013 a composite number?
True
Is 28934313013 prime?
False
Is 16479295739 a composite number?
True
Is 469614709 composite?
True
Is 290216261567 a prime number?
False
Is 33085259279 prime?
True
Is 28912686839 composite?
True
Is 56350770479 a composite number?
False
Is 302412767 a prime number?
True
Is 7058533403 a composite number?
False
Is 21920430631 a prime number?
False
Is 833093089 prime?
False
Is 690097591 a prime number?
True
Is 2091827821 a prime number?
True
Is 25931988907 composite?
True
Is 14890709591 a composite number?
True
Is 418894769 a prime number?
True
Is 373517217143 a composite number?
True
Is 4399504567 composite?
False
Is 2426404229 a prime number?
True
Is 5832286697 prime?
True
Is 840567433 a composite number?
False
Is 10201852051 composite?
True
Is 1301444633 a prime number?
True
Is 3886904141 prime?
True
Is 2031120397 prime?
True
Is 265517489 prime?
False
Is 6869101 a composite number?
False
Is 520922351 a composite number?
True
Is 2925144793 a composite number?
True
Is 1337153009 prime?
True
Is 519433643 a composite number?
True
Is 367002061 composite?
True
Is 748207963 prime?
False
Is 4618540555 prime?
False
Is 25353128987 prime?
False
Is 4954901767 a prime number?
True
Is 33231355 composite?
True
Is 39226992403 a composite number?
True
Is 24047585551 a composite number?
True
Is 2655586103 composite?
False
Is 738958865 prime?
False
Is 1893107393 prime?
True
Is 27403297 a composite number?
False
Is 1986360941 prime?
False
Is 2712880163 a prime number?
False
Is 305456869 prime?
True
Is 2145785221 a composite number?
False
Is 581161487 composite?
False
Is 95299967551 a composite number?
True
Is 677704135 a composite number?
True
Is 4078253161 composite?
False
Is 4438435273 prime?
True
Is 360186131 prime?
True
Is 35729626237 a prime number?
True
Is 8513688101 prime?
False
Is 15549405787 a prime number?
False
Is 2593615721 a composite number?
False
Is 43736852749 prime?
False
Is 1598215963 a prime number?
True
Is 37578647 a composite number?
False
Is 1042329623 prime?
False
Is 56287535 composite?
True
Is 5678147857 a composite number?
False
Is 47541742201 a composite number?
False
Is 192162580547 prime?
False
Is 65411284793 a prime number?
False
Is 101857967 a composite number?
False
Is 1947777967 composite?
True
Is 738155063 composite?
True
Is 968693179 composite?
False
Is 232090589 a prime number?
True
Is 10048735117 composite?
False
Is 37085187273 prime?
False
Is 23902899331 composite?
True
Is 459113677629 composite?
True
Is 343037409733 composite?
True
Is 999654941 prime?
False
Is 80861217319 composite?
False
Is 29158965817 a composite number?
False
Is 229992865 composite?
True
Is 123344749 composite?
True
Is 447791719 prime?
True
Is 3022648346 a prime number?
False
Is 1037250749 prime?
True
Is 639647947 a composite number?
False
Is 10394587411 prime?
False
Is 27300847 prime?
False
Is 8864807806 a prime number?
False
Is 41160055709 prime?
True
Is 357234853 a prime number?
True
Is 91413409487 prime?
True
Is 81631641479 a prime number?
False
Is 16560771529 a composite number?
False
Is 4616451221 prime?
True
Is 7991017387 a prime number?
False
Is 2502980021 a prime number?
False
Is 7426556237 a composite number?
False
Is 216304369687 composite?
True
Is 339057590473 composite?
True
Is 41841858659 a prime number?
True
Is 18219364817 a prime number?
True
Is 439468703 a prime number?
False
Is 1122607841 composite?
True
Is 17888182981 a composite number?
True
Is 9762023213 composite?
True
Is 7784852234 a composite number?
True
Is 514193213 composite?
False
Is 8505195641 prime?
True
Is 1276427585 prime?
False
Is 2243823311 composite?
False
Is 5347609823 a prime number?
False
Is 63199654273 a composite number?
True
Is 143740809709 composite?
True
Is 679085707 a prime number?
False
Is 17143267273 a composite number?
True
Is 33506368747 prime?
False
Is 66577467441 composite?
True
Is 638934619 a prime number?
True
Is 94819138387 a prime number?
True
Is 8558661149 prime?
True
Is 314187043 composite?
True
Is 271738517 a prime number?
True
Is 13964736857 a prime number?
False
Is 491795983 prime?
False
Is 516406673 a prime number?
True
Is 3911181419 composite?
False
Is 45947455237 prime?
True
Is 850843403 composite?
True
Is 110635048889 a prime number?
False
Is 1198602191 a prime number?
False
Is 30167360869 a prime number?
True
Is 18287099321 a prime number?
True
Is 7833198371 a prime number?
False
Is 5426350591 a composite number?
True
Is 516811897 composite?
True
Is 2937824282 a prime number?
False
Is 14202436231 a prime number?
True
Is 22707283045 a prime number?
False
Is 5797344479 prime?
False
Is 234758693 a composite number?
True
Is 6775367777 prime?
True
Is 60578677 composite?
False
Is 7706245147 prime?
False
Is 624313709 a composite number?
False
Is 55967714497 a prime number?
True
Is 24632597911 composite?
True
Is 4033145137 composite?
True
Is 9800126389 a prime number?
True
Is 689476549 prime?
False
Is 684763811 prime?
False
Is 2794886929 composite?
True
Is 2772339959 a composite number?
True
Is 52876173359 a prime number?
True
Is 148210991 prime?
True
Is 71920932851 a prime number?
True
Is 58789481885 prime?
False
Is 102590437 composite?
False
Is 8944433153 prime?
True
Is 77697259027 a prime number?
True
Is 218978355613 prime?
False
Is 3217108663 a prime number?
False
Is 11683581397 a prime number?
False
Is 2824737389 a composite number?
True
Is 14295198773 a prime number?
True
Is 127456898593 a composite number?
False
Is 82734543401 a composite number?
False
Is 193662369707 prime?
True
Is 22796385341 composite?
False
Is 6123452267 a composite number?
False
Is 219321017 a prime number?
True
Is 683734837 composite?
False
Is 1016716823 a prime number?
True
Is 22434732473 prime?
False
Is 37194423359 composite?
False
Is 3890069453 prime?
False
Is 1734530201 a composite number?
False
Is 234418669 a composite number?
True
Is 37017103 composite?
False
Is 2769192929 a prime number?
True
Is 16744122911 a composite number?
False
Is 94559771095 composite?
True
Is 150571441 prime?
False
Is 1446746891 composite?
False
Is 14770736503 composite?
False
Is 2939975287 prime?
False
Is 22386852661 composite?
False
Is 1321222117 composite?
False
Is 22712647739 prime?
True
Is 92501495783 composite?
False
Is 17746599865 prime?
False
Is 2839351871 prime?
True
Is 110811173531 a composite number?
False
Is 1871337913 a composite number?
False
Is 8105070577 a prime number?
True
Is 881894722 composite?
True
Is 453976133 a composite number?
True
Is 8703197647 a prime number?
True
Is 10734665023 a prime number?
False
Is 3613299961 a prime number?
False
Is 402580157 a composite number?
True
Is 1248655259 a prime number?
True
Is 7712862361 a prime number?
True
Is 693251591 a prime number?
True
Is 16062617009 a prime number?
False
Is 1901843383 a composite number?
True
Is 831229213 a prime number?
True
Is 215944319 a prime number?
False
Is 31019831 composite?
False
Is 14708094773 a composite number?
False
Is 2907114339 prime?
False
Is 1666057249 a composite number?
False
Is 2577866561 a prime number?
False
Is 18276496031 a prime number?
True
Is 2063375381 a composite number?
False
Is 8491132029 a composite number?
True
Is 1190705717 a prime number?
False
Is 34073129129 prime?
False
Is 11728684207 a composite number?
False
Is 173552739397 prime?
False
Is 118593289921 a composite number?
True
Is 3466263187 a composite number?
False
Is 19561208543 a composite number?
False
Is 212481443 a composite number?
False
Is 622399727 a prime number?
True
Is 1425030613 prime?
True
Is 6035848061 prime?
False
Is 1736147233 a composite number?
False
Is 144887337281 composite?
True
Is 22486156421 prime?
True
Is 88917864083 composite?
True
Is 761924959 composite?
True
Is 43903748683 prime?
False
Is 2012528873 prime?
True
Is 689844137 prime?
False
I